180.153.236.149 - - [25/Mar/2018:17:10:20 -0700] "GET / HTTP/1.1" 200 5014 "http://www.cornerstoneinteriorsusa.com/" "Mozilla/5.0(compatible;MSIE9.0;WindowsNT6.1;Trident/5.0)" "www.cornerstoneinteriorsusa.com"
54.36.148.157 - - [25/Mar/2018:17:31:14 -0700] "GET /yahoo_site_admin/assets/images/gathering_room.228142901_large.JPG HTTP/1.1" 200 219570 "-" "Mozilla/5.0 (compatible; AhrefsBot/5.2; +http://ahrefs.com/robot/)" "www.cornerstoneinteriorsusa.com"
216.244.66.227 - - [25/Mar/2018:17:34:40 -0700] "GET /robots.txt HTTP/1.1" 200 54 "-" "Mozilla/5.0 (compatible; DotBot/1.1; http://www.opensiteexplorer.org/dotbot, help@moz.com)" "cidesignindy.com"
216.244.66.246 - - [25/Mar/2018:17:38:48 -0700] "GET /robots.txt HTTP/1.1" 200 54 "-" "Mozilla/5.0 (compatible; DotBot/1.1; http://www.opensiteexplorer.org/dotbot, help@moz.com)" "cidesignindy.com"
157.55.39.164 - - [25/Mar/2018:17:44:57 -0700] "GET /yahoo_site_admin/assets/images/IMG_6592.323174223_large.JPG HTTP/1.1" 200 115273 "-" "Mozilla/5.0 (compatible; bingbot/2.0; +http://www.bing.com/bingbot.htm)" "cornerstoneinteriorsusa.com"
5.188.203.40 - - [25/Mar/2018:17:56:55 -0700] "HEAD / HTTP/1.1" 200 - "-" "NYU Internet Census (https://scan.lol; research@scan.lol)" "cidesignindy.com"
40.77.167.86 - - [25/Mar/2018:17:58:04 -0700] "GET /yahoo_site_admin/assets/images/IMG_6750.323172550_large.JPG HTTP/1.1" 200 276692 "-" "Mozilla/5.0 (compatible; bingbot/2.0; +http://www.bing.com/bingbot.htm)" "cornerstoneinteriorsusa.com"
66.249.69.48 - - [25/Mar/2018:18:05:36 -0700] "GET /yahoo_site_admin/assets/images/Fascinating-Inspiration-Front-Doors-Design-For-Elegant-House-With-Luxurious-Wooden-Front-Door-With-Big-Wall-Around.10111418_large.jpg HTTP/1.1" 200 254806 "-" "Googlebot-Image/1.0" "www.cidesignindy.com"
216.244.66.227 - - [25/Mar/2018:18:06:01 -0700] "GET /robots.txt HTTP/1.1" 200 54 "-" "Mozilla/5.0 (compatible; DotBot/1.1; http://www.opensiteexplorer.org/dotbot, help@moz.com)" "cidesignindy.com"
5.188.9.80 - - [25/Mar/2018:18:06:04 -0700] "HEAD / HTTP/1.1" 200 - "-" "NYU Internet Census (https://scan.lol; research@scan.lol)" "cornerstoneinteriorsusa.com"
40.77.167.86 - - [25/Mar/2018:18:13:18 -0700] "GET /yahoo_site_admin/assets/images/IMG_8000.323184549_large.JPG HTTP/1.1" 200 164809 "-" "Mozilla/5.0 (compatible; bingbot/2.0; +http://www.bing.com/bingbot.htm)" "www.cornerstoneinteriorsusa.com"
66.249.75.139 - - [25/Mar/2018:18:16:27 -0700] "GET /yahoo_site_admin/assets/images/IMG_8050.323185009_large.JPG HTTP/1.1" 200 157608 "-" "Googlebot-Image/1.0" "www.cornerstoneinteriorsusa.com"
46.119.121.22 - - [25/Mar/2018:18:22:01 -0700] "GET / HTTP/1.1" 200 22407 "http://magnetic-bracelets.ru/" "Mozilla/4.0 (compatible; MSIE 6.0; MSIE 5.5; Windows NT 5.0) Opera 7.02 Bork-edition [en]" "www.cornerstoneinteriorsusa.com"
46.119.121.22 - - [25/Mar/2018:18:22:02 -0700] "GET / HTTP/1.1" 200 22407 "http://magnetic-bracelets.ru/" "Mozilla/4.0 (compatible; MSIE 6.0; MSIE 5.5; Windows NT 5.0) Opera 7.02 Bork-edition [en]" "www.cornerstoneinteriorsusa.com"
210.10.214.250 - - [25/Mar/2018:18:33:04 -0700] "GET /yahoo_site_admin/assets/images/IMG_7991.323182508_large.JPG HTTP/1.1" 200 115772 "https://www.bing.com/" "Mozilla/5.0 (Windows NT 6.3; WOW64; Trident/7.0; rv:11.0) like Gecko" "cornerstoneinteriorsusa.com"
216.244.66.227 - - [25/Mar/2018:18:37:31 -0700] "GET /robots.txt HTTP/1.1" 200 54 "-" "Mozilla/5.0 (compatible; DotBot/1.1; http://www.opensiteexplorer.org/dotbot, help@moz.com)" "cidesignindy.com"
5.255.250.104 - - [25/Mar/2018:18:42:56 -0700] "GET /robots.txt HTTP/1.1" 200 54 "-" "Mozilla/5.0 (compatible; YandexBot/3.0; +http://yandex.com/bots)" "www.cornerstoneinteriorsusa.com"
5.255.250.104 - - [25/Mar/2018:18:42:58 -0700] "GET /yahoo_site_admin/assets/images/IMG_7870.323175352_large.JPG HTTP/1.1" 200 219181 "-" "Mozilla/5.0 (compatible; YandexImages/3.0; +http://yandex.com/bots)" "www.cornerstoneinteriorsusa.com"
157.55.39.122 - - [25/Mar/2018:18:49:23 -0700] "GET /yahoo_site_admin/assets/images/IMG_7991.323182508_large.JPG HTTP/1.1" 200 115772 "-" "Mozilla/5.0 (compatible; bingbot/2.0; +http://www.bing.com/bingbot.htm)" "cornerstoneinteriorsusa.com"
180.76.15.23 - - [25/Mar/2018:18:51:53 -0700] "GET /robots.txt HTTP/1.1" 200 70 "-" "Mozilla/5.0 (Windows NT 5.1; rv:6.0.2) Gecko/20100101 Firefox/6.0.2" "www.cornerstoneinteriorsusa.com"
180.76.15.155 - - [25/Mar/2018:18:51:53 -0700] "GET /robots.txt HTTP/1.1" 200 70 "-" "Mozilla/5.0 (Windows NT 5.1; rv:6.0.2) Gecko/20100101 Firefox/6.0.2" "www.cornerstoneinteriorsusa.com"
180.76.15.134 - - [25/Mar/2018:18:52:27 -0700] "GET / HTTP/1.1" 200 5014 "-" "Mozilla/5.0 (compatible; Baiduspider/2.0; +http://www.baidu.com/search/spider.html)" "www.cornerstoneinteriorsusa.com"
52.39.68.28 - - [25/Mar/2018:18:57:02 -0700] "GET /robots.txt HTTP/1.1" 200 70 "-" "Mozilla/5.0 (compatible; houzzbot; +http://www.houzz.com/)" "www.cornerstoneinteriorsusa.com"
52.39.68.28 - - [25/Mar/2018:18:57:03 -0700] "GET / HTTP/1.1" 200 5014 "-" "Mozilla/5.0 (compatible; houzzbot; +http://www.houzz.com/)" "www.cornerstoneinteriorsusa.com"
157.55.39.164 - - [25/Mar/2018:19:07:47 -0700] "GET /yahoo_site_admin/assets/images/IMG_6695.323173121_large.JPG HTTP/1.1" 200 263765 "-" "Mozilla/5.0 (compatible; bingbot/2.0; +http://www.bing.com/bingbot.htm)" "www.cornerstoneinteriorsusa.com"
157.55.39.241 - - [25/Mar/2018:19:08:06 -0700] "GET /yahoo_site_admin/assets/images/IMG_6339.10171004_large.JPG HTTP/1.1" 200 199925 "-" "Mozilla/5.0 (compatible; bingbot/2.0; +http://www.bing.com/bingbot.htm)" "cornerstoneinteriorsusa.com"
216.244.66.227 - - [25/Mar/2018:19:18:43 -0700] "GET /robots.txt HTTP/1.1" 200 54 "-" "Mozilla/5.0 (compatible; DotBot/1.1; http://www.opensiteexplorer.org/dotbot, help@moz.com)" "cidesignindy.com"
54.91.16.247 - - [25/Mar/2018:19:21:49 -0700] "HEAD / HTTP/1.1" 200 - "-" "Mozilla/5.0 (Macintosh; Intel Mac OS X 10_7_4) AppleWebKit/537.11 (KHTML, like Gecko)(compatible; http://url-validation.citygrid.com/) Chrome/23.0.1271.95 Safari/537.11" "cornerstoneinteriorsusa.com"
66.249.75.135 - - [25/Mar/2018:19:24:40 -0700] "GET /yahoo_site_admin/assets/images/kitchen.180155827_std.JPG HTTP/1.1" 200 68590 "-" "Googlebot-Image/1.0" "www.cornerstoneinteriorsusa.com"
180.76.15.32 - - [25/Mar/2018:19:25:47 -0700] "GET /contact HTTP/1.1" 200 8720 "-" "Mozilla/5.0 (compatible; Baiduspider/2.0; +http://www.baidu.com/search/spider.html)" "www.cornerstoneinteriorsusa.com"
24.56.26.7 - - [25/Mar/2018:19:27:26 -0700] "GET /yahoo_site_admin/assets/images/IMG_7991.323182508_large.JPG HTTP/1.1" 200 115772 "https://www.google.com/" "Mozilla/5.0 (Macintosh; Intel Mac OS X 10_12_6) AppleWebKit/604.5.6 (KHTML, like Gecko) Version/11.0.3 Safari/604.5.6" "www.cornerstoneinteriorsusa.com"
216.244.66.246 - - [25/Mar/2018:19:38:58 -0700] "GET /portfolio/hampton_style HTTP/1.1" 200 44038 "-" "Mozilla/5.0 (compatible; DotBot/1.1; http://www.opensiteexplorer.org/dotbot, help@moz.com)" "cidesignindy.com"
66.249.75.137 - - [25/Mar/2018:19:41:21 -0700] "GET /yahoo_site_admin/assets/images/IMG_8054.323185133_large.JPG HTTP/1.1" 200 160785 "-" "Googlebot-Image/1.0" "www.cornerstoneinteriorsusa.com"
66.249.75.135 - - [25/Mar/2018:19:41:21 -0700] "GET /yahoo_site_admin/assets/images/IMG_7900.323182929_sq_thumb_s.JPG HTTP/1.1" 200 4444 "-" "Googlebot-Image/1.0" "www.cornerstoneinteriorsusa.com"
144.132.105.252 - - [25/Mar/2018:19:45:08 -0700] "GET /yahoo_site_admin/assets/images/hampton.17284119_std.jpg HTTP/1.1" 200 52557 "https://www.bing.com/" "Mozilla/5.0 (Macintosh; Intel Mac OS X 10_12_6) AppleWebKit/604.5.6 (KHTML, like Gecko) Version/11.0.3 Safari/604.5.6" "cornerstoneinteriorsusa.com"
216.244.66.227 - - [25/Mar/2018:19:50:11 -0700] "GET /robots.txt HTTP/1.1" 200 54 "-" "Mozilla/5.0 (compatible; DotBot/1.1; http://www.opensiteexplorer.org/dotbot, help@moz.com)" "cidesignindy.com"
203.217.13.248 - - [25/Mar/2018:19:52:06 -0700] "GET /yahoo_site_admin/assets/images/IMG_8020.323184039_large.JPG HTTP/1.1" 200 229335 "https://www.google.com.au/" "Mozilla/5.0 (Windows NT 6.3; WOW64) AppleWebKit/537.36 (KHTML, like Gecko) Chrome/65.0.3325.181 Safari/537.36" "www.cornerstoneinteriorsusa.com"
157.55.39.241 - - [25/Mar/2018:20:04:13 -0700] "GET /yahoo_site_admin/assets/images/IMG_8129.323185856_large.JPG HTTP/1.1" 200 119658 "-" "Mozilla/5.0 (compatible; bingbot/2.0; +http://www.bing.com/bingbot.htm)" "cornerstoneinteriorsusa.com"
180.76.15.29 - - [25/Mar/2018:20:19:25 -0700] "GET / HTTP/1.1" 200 5014 "-" "Mozilla/5.0 (compatible; Baiduspider/2.0; +http://www.baidu.com/search/spider.html)" "cidesignindy.com"
144.76.8.134 - - [25/Mar/2018:20:27:47 -0700] "GET /robots.txt HTTP/1.1" 200 54 "-" "Mozilla/5.0 (compatible; MJ12bot/v1.4.8; http://mj12bot.com/)" "cornerstoneinteriorsusa.com"
144.76.8.134 - - [25/Mar/2018:20:27:48 -0700] "GET / HTTP/1.1" 200 22407 "-" "Mozilla/5.0 (compatible; MJ12bot/v1.4.8; http://mj12bot.com/)" "cornerstoneinteriorsusa.com"
157.55.39.241 - - [25/Mar/2018:20:32:33 -0700] "GET /yahoo_site_admin/assets/images/IMG_8132.323182346_large.JPG HTTP/1.1" 200 198040 "-" "Mozilla/5.0 (compatible; bingbot/2.0; +http://www.bing.com/bingbot.htm)" "www.cornerstoneinteriorsusa.com"
216.244.66.246 - - [25/Mar/2018:20:39:15 -0700] "GET /robots.txt HTTP/1.1" 200 54 "-" "Mozilla/5.0 (compatible; DotBot/1.1; http://www.opensiteexplorer.org/dotbot, help@moz.com)" "cidesignindy.com"
66.249.75.137 - - [25/Mar/2018:20:42:28 -0700] "GET /yahoo_site_admin/assets/images/IMG_7950.323183740_large.JPG HTTP/1.1" 200 116559 "-" "Googlebot-Image/1.0" "www.cornerstoneinteriorsusa.com"
185.208.208.198 - - [25/Mar/2018:20:44:19 -0700] "GET /robots.txt HTTP/1.1" 200 54 "-" "Mozilla/5.0 (compatible; MJ12bot/v1.4.8; http://mj12bot.com/)" "cornerstoneinteriorsusa.com"
185.208.208.198 - - [25/Mar/2018:20:44:21 -0700] "GET /company/meet_barbara_olmstead HTTP/1.1" 200 15501 "-" "Mozilla/5.0 (compatible; MJ12bot/v1.4.8; http://mj12bot.com/)" "cornerstoneinteriorsusa.com"
185.208.208.198 - - [25/Mar/2018:20:44:24 -0700] "GET /robots.txt HTTP/1.1" 200 54 "-" "Mozilla/5.0 (compatible; MJ12bot/v1.4.8; http://mj12bot.com/)" "www.cornerstoneinteriorsusa.com"
185.208.208.198 - - [25/Mar/2018:20:44:26 -0700] "GET /golden_apple_custom_furniture HTTP/1.1" 200 19119 "-" "Mozilla/5.0 (compatible; MJ12bot/v1.4.8; http://mj12bot.com/)" "www.cornerstoneinteriorsusa.com"
5.188.9.80 - - [25/Mar/2018:20:50:49 -0700] "POST /RPC2 HTTP/1.1" 404 73 "-" "NYU Internet Census (https://scan.lol; research@scan.lol)" "cidesignindy.com"
180.76.15.162 - - [25/Mar/2018:20:52:45 -0700] "GET /portfolio/traditional HTTP/1.1" 200 6892 "-" "Mozilla/5.0 (compatible; Baiduspider/2.0; +http://www.baidu.com/search/spider.html)" "cidesignindy.com"
216.244.66.227 - - [25/Mar/2018:20:54:10 -0700] "GET /robots.txt HTTP/1.1" 200 54 "-" "Mozilla/5.0 (compatible; DotBot/1.1; http://www.opensiteexplorer.org/dotbot, help@moz.com)" "cidesignindy.com"
5.188.203.40 - - [25/Mar/2018:21:05:24 -0700] "POST /RPC2 HTTP/1.1" 404 73 "-" "NYU Internet Census (https://scan.lol; research@scan.lol)" "cornerstoneinteriorsusa.com"
66.249.75.137 - - [25/Mar/2018:21:13:49 -0700] "GET /yahoo_site_admin/assets/images/Hampton.69210949_std.jpg HTTP/1.1" 200 532164 "-" "Googlebot-Image/1.0" "www.cornerstoneinteriorsusa.com"
216.244.66.227 - - [25/Mar/2018:21:26:14 -0700] "GET /robots.txt HTTP/1.1" 200 54 "-" "Mozilla/5.0 (compatible; DotBot/1.1; http://www.opensiteexplorer.org/dotbot, help@moz.com)" "cidesignindy.com"
157.55.39.231 - - [25/Mar/2018:21:26:19 -0700] "GET /yahoo_site_admin/assets/images/IMG_7908.323185530_large.JPG HTTP/1.1" 200 164065 "-" "Mozilla/5.0 (compatible; bingbot/2.0; +http://www.bing.com/bingbot.htm)" "cornerstoneinteriorsusa.com"
40.77.167.86 - - [25/Mar/2018:21:29:51 -0700] "GET /yahoo_site_admin/assets/images/IMG_8106.323174624_large.JPG HTTP/1.1" 200 163307 "-" "Mozilla/5.0 (compatible; bingbot/2.0; +http://www.bing.com/bingbot.htm)" "cornerstoneinteriorsusa.com"
66.249.75.139 - - [25/Mar/2018:21:29:56 -0700] "GET /yahoo_site_admin/assets/images/IMG_8000.323184549_sq_thumb_s.JPG HTTP/1.1" 200 2673 "-" "Googlebot-Image/1.0" "www.cornerstoneinteriorsusa.com"
40.77.167.86 - - [25/Mar/2018:21:33:53 -0700] "GET /yahoo_site_admin/assets/images/legault_office.194132304_large.JPG HTTP/1.1" 200 257396 "-" "Mozilla/5.0 (compatible; bingbot/2.0; +http://www.bing.com/bingbot.htm)" "cornerstoneinteriorsusa.com"
157.55.39.70 - - [25/Mar/2018:21:36:13 -0700] "GET /yahoo_site_admin/assets/images/basement_feature.323181133_large.JPG HTTP/1.1" 200 284601 "-" "Mozilla/5.0 (compatible; bingbot/2.0; +http://www.bing.com/bingbot.htm)" "cornerstoneinteriorsusa.com"
157.55.39.241 - - [25/Mar/2018:21:53:20 -0700] "GET /yahoo_site_admin/assets/images/IMG_7967.323190644_large.JPG HTTP/1.1" 200 109855 "-" "Mozilla/5.0 (compatible; bingbot/2.0; +http://www.bing.com/bingbot.htm)" "www.cornerstoneinteriorsusa.com"
216.244.66.227 - - [25/Mar/2018:21:57:33 -0700] "GET /robots.txt HTTP/1.1" 200 54 "-" "Mozilla/5.0 (compatible; DotBot/1.1; http://www.opensiteexplorer.org/dotbot, help@moz.com)" "cidesignindy.com"
54.183.165.74 - - [25/Mar/2018:22:17:30 -0700] "GET / HTTP/1.1" 403 170 "-" "Mozilla/5.0 (Macintosh; Intel Mac OS X 10_12_6) AppleWebKit/537.36 (KHTML, like Gecko) Chrome/61.0.3163.100 Safari/537.36" "www.cidesignindy.com"
5.255.250.166 - - [25/Mar/2018:22:25:47 -0700] "GET /robots.txt HTTP/1.1" 200 54 "-" "Mozilla/5.0 (compatible; YandexBot/3.0; +http://yandex.com/bots)" "www.cornerstoneinteriorsusa.com"
5.255.250.104 - - [25/Mar/2018:22:25:51 -0700] "GET /yahoo_site_admin/assets/images/IMG_8001.323184640_large.JPG HTTP/1.1" 200 202202 "-" "Mozilla/5.0 (compatible; YandexImages/3.0; +http://yandex.com/bots)" "www.cornerstoneinteriorsusa.com"
157.55.39.70 - - [25/Mar/2018:22:28:47 -0700] "GET /yahoo_site_admin/assets/images/IMG_6364.10171438_large.JPG HTTP/1.1" 200 181470 "-" "Mozilla/5.0 (compatible; bingbot/2.0; +http://www.bing.com/bingbot.htm)" "cornerstoneinteriorsusa.com"
216.244.66.227 - - [25/Mar/2018:22:39:46 -0700] "GET /robots.txt HTTP/1.1" 200 54 "-" "Mozilla/5.0 (compatible; DotBot/1.1; http://www.opensiteexplorer.org/dotbot, help@moz.com)" "cidesignindy.com"
66.249.75.139 - - [25/Mar/2018:22:41:46 -0700] "GET /yahoo_site_admin/assets/images/IMG_8080.323190129_sq_thumb_s.JPG HTTP/1.1" 200 3643 "-" "Googlebot-Image/1.0" "www.cornerstoneinteriorsusa.com"
157.55.39.70 - - [25/Mar/2018:22:44:38 -0700] "GET /yahoo_site_admin/assets/images/IMG_7945.323183253_large.JPG HTTP/1.1" 200 234322 "-" "Mozilla/5.0 (compatible; bingbot/2.0; +http://www.bing.com/bingbot.htm)" "cornerstoneinteriorsusa.com"
216.244.66.246 - - [25/Mar/2018:23:04:01 -0700] "GET /portfolio/old_world HTTP/1.1" 200 38352 "-" "Mozilla/5.0 (compatible; DotBot/1.1; http://www.opensiteexplorer.org/dotbot, help@moz.com)" "cidesignindy.com"
216.244.66.227 - - [25/Mar/2018:23:10:45 -0700] "GET /robots.txt HTTP/1.1" 200 54 "-" "Mozilla/5.0 (compatible; DotBot/1.1; http://www.opensiteexplorer.org/dotbot, help@moz.com)" "cidesignindy.com"
66.249.75.135 - - [25/Mar/2018:23:13:29 -0700] "GET /yahoo_site_admin/assets/images/IMG_8129.323185856_sq_thumb_s.JPG HTTP/1.1" 200 3707 "-" "Googlebot-Image/1.0" "www.cornerstoneinteriorsusa.com"
66.249.75.139 - - [25/Mar/2018:23:15:12 -0700] "GET /yahoo_site_admin/assets/images/IMG_8006.323185226_sq_thumb_s.JPG HTTP/1.1" 200 3002 "-" "Googlebot-Image/1.0" "www.cornerstoneinteriorsusa.com"
40.77.167.86 - - [25/Mar/2018:23:41:16 -0700] "GET /company HTTP/1.1" 200 5450 "-" "Mozilla/5.0 (compatible; bingbot/2.0; +http://www.bing.com/bingbot.htm)" "www.cornerstoneinteriorsusa.com"
216.244.66.227 - - [25/Mar/2018:23:42:08 -0700] "GET /robots.txt HTTP/1.1" 200 54 "-" "Mozilla/5.0 (compatible; DotBot/1.1; http://www.opensiteexplorer.org/dotbot, help@moz.com)" "cidesignindy.com"
35.205.225.169 - - [25/Mar/2018:23:49:34 -0700] "HEAD / HTTP/1.1" 200 - "-" "-" "www.cornerstoneinteriorsusa.com"
35.205.225.169 - - [25/Mar/2018:23:49:34 -0700] "GET / HTTP/1.1" 200 22407 "-" "-" "www.cornerstoneinteriorsusa.com"
157.55.39.70 - - [25/Mar/2018:23:51:11 -0700] "GET /yahoo_site_admin/assets/images/painting.293140651_large.JPG HTTP/1.1" 200 111286 "-" "Mozilla/5.0 (compatible; bingbot/2.0; +http://www.bing.com/bingbot.htm)" "cornerstoneinteriorsusa.com"
40.77.167.66 - - [25/Mar/2018:23:52:12 -0700] "GET /yahoo_site_admin/assets/images/Hampton.69210949_std.jpg HTTP/1.1" 200 532164 "-" "Mozilla/5.0 (compatible; bingbot/2.0; +http://www.bing.com/bingbot.htm)" "www.cornerstoneinteriorsusa.com"
77.88.47.87 - - [25/Mar/2018:23:58:46 -0700] "GET /robots.txt HTTP/1.1" 200 54 "-" "Mozilla/5.0 (compatible; YandexBot/3.0; +http://yandex.com/bots)" "cidesignindy.com"
5.255.250.115 - - [25/Mar/2018:23:58:50 -0700] "GET /portfolio/modern HTTP/1.1" 200 5536 "-" "Mozilla/5.0 (compatible; YandexBot/3.0; +http://yandex.com/bots)" "cidesignindy.com"
157.55.39.70 - - [26/Mar/2018:00:05:52 -0700] "GET /yahoo_site_admin/assets/images/legault_bar.323174351_large.JPG HTTP/1.1" 200 128267 "-" "Mozilla/5.0 (compatible; bingbot/2.0; +http://www.bing.com/bingbot.htm)" "cornerstoneinteriorsusa.com"
165.227.221.98 - - [26/Mar/2018:00:16:02 -0700] "GET /robots.txt HTTP/1.1" 200 70 "-" "Mozilla/5.0 (compatible; spbot/5.0.3; +http://OpenLinkProfiler.org/bot )" "cornerstoneinteriorsusa.com"
165.227.221.98 - - [26/Mar/2018:00:16:08 -0700] "GET / HTTP/1.1" 200 5014 "-" "Mozilla/5.0 (compatible; spbot/5.0.3; +http://OpenLinkProfiler.org/bot )" "www.cornerstoneinteriorsusa.com"
165.227.221.98 - - [26/Mar/2018:00:16:09 -0700] "GET /home HTTP/1.1" 200 5009 "http://www.cornerstoneinteriorsusa.com/" "Mozilla/5.0 (compatible; spbot/5.0.3; +http://OpenLinkProfiler.org/bot )" "www.cornerstoneinteriorsusa.com"
165.227.221.98 - - [26/Mar/2018:00:16:13 -0700] "GET /contact HTTP/1.1" 200 8720 "http://www.cornerstoneinteriorsusa.com/" "Mozilla/5.0 (compatible; spbot/5.0.3; +http://OpenLinkProfiler.org/bot )" "www.cornerstoneinteriorsusa.com"
165.227.221.98 - - [26/Mar/2018:00:16:18 -0700] "GET /company HTTP/1.1" 200 5450 "http://www.cornerstoneinteriorsusa.com/" "Mozilla/5.0 (compatible; spbot/5.0.3; +http://OpenLinkProfiler.org/bot )" "www.cornerstoneinteriorsusa.com"
165.227.221.98 - - [26/Mar/2018:00:16:23 -0700] "GET /portfolio HTTP/1.1" 200 4186 "http://www.cornerstoneinteriorsusa.com/" "Mozilla/5.0 (compatible; spbot/5.0.3; +http://OpenLinkProfiler.org/bot )" "www.cornerstoneinteriorsusa.com"
165.227.221.98 - - [26/Mar/2018:00:16:28 -0700] "GET /home/development HTTP/1.1" 200 4225 "http://www.cornerstoneinteriorsusa.com/" "Mozilla/5.0 (compatible; spbot/5.0.3; +http://OpenLinkProfiler.org/bot )" "www.cornerstoneinteriorsusa.com"
165.227.221.98 - - [26/Mar/2018:00:16:32 -0700] "GET /portfolio/modern HTTP/1.1" 200 5746 "http://www.cornerstoneinteriorsusa.com/portfolio" "Mozilla/5.0 (compatible; spbot/5.0.3; +http://OpenLinkProfiler.org/bot )" "www.cornerstoneinteriorsusa.com"
165.227.221.98 - - [26/Mar/2018:00:16:38 -0700] "GET /home/consultation HTTP/1.1" 200 4834 "http://www.cornerstoneinteriorsusa.com/" "Mozilla/5.0 (compatible; spbot/5.0.3; +http://OpenLinkProfiler.org/bot )" "www.cornerstoneinteriorsusa.com"
165.227.221.98 - - [26/Mar/2018:00:16:43 -0700] "GET /home/implementation HTTP/1.1" 200 4245 "http://www.cornerstoneinteriorsusa.com/" "Mozilla/5.0 (compatible; spbot/5.0.3; +http://OpenLinkProfiler.org/bot )" "www.cornerstoneinteriorsusa.com"
165.227.221.98 - - [26/Mar/2018:00:16:48 -0700] "GET /portfolio/old_world HTTP/1.1" 200 6086 "http://www.cornerstoneinteriorsusa.com/" "Mozilla/5.0 (compatible; spbot/5.0.3; +http://OpenLinkProfiler.org/bot )" "www.cornerstoneinteriorsusa.com"
165.227.221.98 - - [26/Mar/2018:00:16:53 -0700] "GET /portfolio/traditional HTTP/1.1" 200 7111 "http://www.cornerstoneinteriorsusa.com/portfolio" "Mozilla/5.0 (compatible; spbot/5.0.3; +http://OpenLinkProfiler.org/bot )" "www.cornerstoneinteriorsusa.com"
165.227.221.98 - - [26/Mar/2018:00:16:58 -0700] "GET /portfolio/transitional HTTP/1.1" 200 6085 "http://www.cornerstoneinteriorsusa.com/portfolio" "Mozilla/5.0 (compatible; spbot/5.0.3; +http://OpenLinkProfiler.org/bot )" "www.cornerstoneinteriorsusa.com"
165.227.221.98 - - [26/Mar/2018:00:17:03 -0700] "GET /portfolio/hampton_style HTTP/1.1" 200 7035 "http://www.cornerstoneinteriorsusa.com/" "Mozilla/5.0 (compatible; spbot/5.0.3; +http://OpenLinkProfiler.org/bot )" "www.cornerstoneinteriorsusa.com"
165.227.221.98 - - [26/Mar/2018:00:17:08 -0700] "GET /testimonialspublications HTTP/1.1" 200 4720 "http://www.cornerstoneinteriorsusa.com/" "Mozilla/5.0 (compatible; spbot/5.0.3; +http://OpenLinkProfiler.org/bot )" "www.cornerstoneinteriorsusa.com"
165.227.221.98 - - [26/Mar/2018:00:17:13 -0700] "GET /golden_apple_custom_furniture HTTP/1.1" 200 5077 "http://www.cornerstoneinteriorsusa.com/" "Mozilla/5.0 (compatible; spbot/5.0.3; +http://OpenLinkProfiler.org/bot )" "www.cornerstoneinteriorsusa.com"
216.244.66.227 - - [26/Mar/2018:00:19:10 -0700] "GET /robots.txt HTTP/1.1" 200 54 "-" "Mozilla/5.0 (compatible; DotBot/1.1; http://www.opensiteexplorer.org/dotbot, help@moz.com)" "cidesignindy.com"
216.244.66.227 - - [26/Mar/2018:00:50:41 -0700] "GET /robots.txt HTTP/1.1" 200 54 "-" "Mozilla/5.0 (compatible; DotBot/1.1; http://www.opensiteexplorer.org/dotbot, help@moz.com)" "cidesignindy.com"
157.55.39.70 - - [26/Mar/2018:00:59:29 -0700] "GET /yahoo_site_admin/assets/images/IMG_6373.10171613_large.JPG HTTP/1.1" 200 158233 "-" "Mozilla/5.0 (compatible; bingbot/2.0; +http://www.bing.com/bingbot.htm)" "cornerstoneinteriorsusa.com"
66.249.75.137 - - [26/Mar/2018:01:19:16 -0700] "GET /yahoo_site_admin/assets/images/IMG_8024.323190353_sq_thumb_s.JPG HTTP/1.1" 200 4253 "-" "Googlebot-Image/1.0" "www.cornerstoneinteriorsusa.com"
157.55.39.70 - - [26/Mar/2018:01:20:13 -0700] "GET /yahoo_site_admin/assets/images/IMG_8013.323183843_large.JPG HTTP/1.1" 200 186655 "-" "Mozilla/5.0 (compatible; bingbot/2.0; +http://www.bing.com/bingbot.htm)" "www.cornerstoneinteriorsusa.com"
216.244.66.227 - - [26/Mar/2018:01:21:29 -0700] "GET /robots.txt HTTP/1.1" 200 54 "-" "Mozilla/5.0 (compatible; DotBot/1.1; http://www.opensiteexplorer.org/dotbot, help@moz.com)" "cidesignindy.com"
151.80.39.210 - - [26/Mar/2018:01:22:52 -0700] "GET /robots.txt HTTP/1.1" 200 70 "-" "Mozilla/5.0 (compatible; AhrefsBot/5.2; +http://ahrefs.com/robot/)" "www.cornerstoneinteriorsusa.com"
84.205.244.136 - - [26/Mar/2018:01:28:14 -0700] "GET /yahoo_site_admin/assets/images/IMG_7991.323182508_large.JPG HTTP/1.1" 200 115772 "https://www.google.gr/" "Mozilla/5.0 (Windows NT 5.1) AppleWebKit/537.36 (KHTML, like Gecko) Chrome/49.0.2623.112 Safari/537.36" "www.cornerstoneinteriorsusa.com"
128.70.212.245 - - [26/Mar/2018:01:46:39 -0700] "GET /add.php HTTP/1.1" 404 73 "-" "Mozilla/5.0 (Windows NT 6.3; WOW64; Trident/7.0; rv:11.0) like Gecko" "cornerstoneinteriorsusa.com"
128.70.212.245 - - [26/Mar/2018:01:46:39 -0700] "GET /links/add.php HTTP/1.1" 404 73 "-" "Mozilla/5.0 (Windows NT 6.3; WOW64; Trident/7.0; rv:11.0) like Gecko" "cornerstoneinteriorsusa.com"
216.244.66.227 - - [26/Mar/2018:01:53:30 -0700] "GET /robots.txt HTTP/1.1" 200 54 "-" "Mozilla/5.0 (compatible; DotBot/1.1; http://www.opensiteexplorer.org/dotbot, help@moz.com)" "cidesignindy.com"
66.249.75.137 - - [26/Mar/2018:01:58:05 -0700] "GET /yahoo_site_admin/assets/images/IMG_7950.323183740_sq_thumb_s.JPG HTTP/1.1" 200 3677 "-" "Googlebot-Image/1.0" "www.cornerstoneinteriorsusa.com"
66.249.75.135 - - [26/Mar/2018:01:58:06 -0700] "GET /yahoo_site_admin/assets/images/IMG_7991.323182508_sq_thumb_s.JPG HTTP/1.1" 200 3377 "-" "Googlebot-Image/1.0" "www.cornerstoneinteriorsusa.com"
66.249.75.137 - - [26/Mar/2018:01:58:22 -0700] "GET /yahoo_site_admin/assets/images/IMG_7928.323184425_large.JPG HTTP/1.1" 200 227471 "-" "Googlebot-Image/1.0" "www.cornerstoneinteriorsusa.com"
101.184.209.208 - - [26/Mar/2018:02:15:36 -0700] "GET /yahoo_site_admin/assets/images/IMG_8021.323182653_large.JPG HTTP/1.1" 200 124811 "-" "com.google.GoogleMobile/39.0.0 iPad/10.3.3 hw/iPad6_11" "www.cornerstoneinteriorsusa.com"
216.244.66.227 - - [26/Mar/2018:02:28:14 -0700] "GET /robots.txt HTTP/1.1" 200 54 "-" "Mozilla/5.0 (compatible; DotBot/1.1; http://www.opensiteexplorer.org/dotbot, help@moz.com)" "cidesignindy.com"
93.158.161.13 - - [26/Mar/2018:02:36:50 -0700] "GET /robots.txt HTTP/1.1" 200 54 "-" "Mozilla/5.0 (compatible; YandexBot/3.0; +http://yandex.com/bots)" "www.cornerstoneinteriorsusa.com"
5.255.250.166 - - [26/Mar/2018:02:36:53 -0700] "GET /yahoo_site_admin/assets/images/IMG_6628.323173915_large.JPG HTTP/1.1" 200 265549 "-" "Mozilla/5.0 (compatible; YandexImages/3.0; +http://yandex.com/bots)" "www.cornerstoneinteriorsusa.com"
216.244.66.227 - - [26/Mar/2018:02:59:56 -0700] "GET /robots.txt HTTP/1.1" 200 54 "-" "Mozilla/5.0 (compatible; DotBot/1.1; http://www.opensiteexplorer.org/dotbot, help@moz.com)" "cidesignindy.com"
169.54.233.119 - - [26/Mar/2018:03:17:48 -0700] "GET / HTTP/1.1" 200 22407 "-" "-" "cidesignindy.com"
1.136.104.56 - - [26/Mar/2018:03:24:00 -0700] "GET /yahoo_site_admin/assets/images/IMG_7991.323182508_large.JPG HTTP/1.1" 200 115772 "https://www.google.com.au/" "Mozilla/5.0 (iPhone; CPU iPhone OS 10_3_2 like Mac OS X) AppleWebKit/603.2.4 (KHTML, like Gecko) Version/10.0 Mobile/14F89 Safari/602.1" "www.cornerstoneinteriorsusa.com"
66.249.75.135 - - [26/Mar/2018:03:29:38 -0700] "GET /yahoo_site_admin/assets/images/IMG_8020.323184039_sq_thumb_s.JPG HTTP/1.1" 200 3737 "-" "Googlebot-Image/1.0" "www.cornerstoneinteriorsusa.com"
66.249.75.137 - - [26/Mar/2018:03:29:39 -0700] "GET /yahoo_site_admin/assets/images/New_Design.10114653_sq_thumb_s.jpg HTTP/1.1" 200 3356 "-" "Googlebot-Image/1.0" "www.cornerstoneinteriorsusa.com"
66.249.75.137 - - [26/Mar/2018:03:29:48 -0700] "GET /yahoo_site_admin/assets/images/IMG_8025.323190436_sq_thumb_s.JPG HTTP/1.1" 200 3047 "-" "Googlebot-Image/1.0" "www.cornerstoneinteriorsusa.com"
54.183.165.74 - - [26/Mar/2018:03:35:23 -0700] "GET / HTTP/1.1" 403 170 "-" "Mozilla/5.0 (Macintosh; Intel Mac OS X 10_12_6) AppleWebKit/537.36 (KHTML, like Gecko) Chrome/61.0.3163.100 Safari/537.36" "www.cornerstoneinteriorsusa.com"
216.244.66.227 - - [26/Mar/2018:03:40:11 -0700] "GET /robots.txt HTTP/1.1" 200 54 "-" "Mozilla/5.0 (compatible; DotBot/1.1; http://www.opensiteexplorer.org/dotbot, help@moz.com)" "cidesignindy.com"
45.55.207.227 - - [26/Mar/2018:03:45:41 -0700] "GET / HTTP/1.1" 200 5014 "http://www.cornerstoneinteriorsusa.com" "Mozilla/5.0 (compatible; DnyzBot/1.0)" "www.cornerstoneinteriorsusa.com"
45.55.207.227 - - [26/Mar/2018:03:46:00 -0700] "GET /robots.txt HTTP/1.1" 200 70 "-" "Mozilla/5.0 (Macintosh; Intel Mac OS X 10_9_3) AppleWebKit/537.36 (KHTML, like Gecko) Chrome/35.0.1916.114 Safari/537.36" "www.cornerstoneinteriorsusa.com"
45.55.207.227 - - [26/Mar/2018:03:46:09 -0700] "GET /home HTTP/1.1" 200 5009 "http://www.cornerstoneinteriorsusa.com" "Mozilla/5.0 (compatible; DnyzBot/1.0)" "www.cornerstoneinteriorsusa.com"
45.55.207.227 - - [26/Mar/2018:03:46:09 -0700] "GET /company HTTP/1.1" 200 5450 "http://www.cornerstoneinteriorsusa.com" "Mozilla/5.0 (compatible; DnyzBot/1.0)" "www.cornerstoneinteriorsusa.com"
45.55.207.227 - - [26/Mar/2018:03:46:10 -0700] "GET /portfolio HTTP/1.1" 200 4391 "http://www.cornerstoneinteriorsusa.com" "Mozilla/5.0 (compatible; DnyzBot/1.0)" "www.cornerstoneinteriorsusa.com"
45.55.207.227 - - [26/Mar/2018:03:46:09 -0700] "GET /contact HTTP/1.1" 200 8720 "http://www.cornerstoneinteriorsusa.com" "Mozilla/5.0 (compatible; DnyzBot/1.0)" "www.cornerstoneinteriorsusa.com"
45.55.207.227 - - [26/Mar/2018:03:46:10 -0700] "GET /golden_apple_custom_furniture HTTP/1.1" 200 5077 "http://www.cornerstoneinteriorsusa.com" "Mozilla/5.0 (compatible; DnyzBot/1.0)" "www.cornerstoneinteriorsusa.com"
45.55.207.227 - - [26/Mar/2018:03:46:10 -0700] "GET /testimonialspublications HTTP/1.1" 200 4720 "http://www.cornerstoneinteriorsusa.com" "Mozilla/5.0 (compatible; DnyzBot/1.0)" "www.cornerstoneinteriorsusa.com"
45.55.207.227 - - [26/Mar/2018:03:46:11 -0700] "GET /home/consultation HTTP/1.1" 200 5043 "http://www.cornerstoneinteriorsusa.com" "Mozilla/5.0 (compatible; DnyzBot/1.0)" "www.cornerstoneinteriorsusa.com"
45.55.207.227 - - [26/Mar/2018:03:46:11 -0700] "GET /home/development HTTP/1.1" 200 4441 "http://www.cornerstoneinteriorsusa.com" "Mozilla/5.0 (compatible; DnyzBot/1.0)" "www.cornerstoneinteriorsusa.com"
45.55.207.227 - - [26/Mar/2018:03:46:11 -0700] "GET /home/implementation HTTP/1.1" 200 4457 "http://www.cornerstoneinteriorsusa.com" "Mozilla/5.0 (compatible; DnyzBot/1.0)" "www.cornerstoneinteriorsusa.com"
45.55.207.227 - - [26/Mar/2018:03:46:13 -0700] "GET /portfolio/hampton_style HTTP/1.1" 200 7035 "http://www.cornerstoneinteriorsusa.com" "Mozilla/5.0 (compatible; DnyzBot/1.0)" "www.cornerstoneinteriorsusa.com"
45.55.207.227 - - [26/Mar/2018:03:46:13 -0700] "GET /portfolio/old_world HTTP/1.1" 200 6086 "http://www.cornerstoneinteriorsusa.com" "Mozilla/5.0 (compatible; DnyzBot/1.0)" "www.cornerstoneinteriorsusa.com"
216.244.66.227 - - [26/Mar/2018:04:12:25 -0700] "GET /robots.txt HTTP/1.1" 200 54 "-" "Mozilla/5.0 (compatible; DotBot/1.1; http://www.opensiteexplorer.org/dotbot, help@moz.com)" "cidesignindy.com"
114.77.169.110 - - [26/Mar/2018:04:20:27 -0700] "GET /yahoo_site_admin/assets/images/IMG_7991.323182508_large.JPG HTTP/1.1" 200 115772 "https://www.google.com.au/" "Mozilla/5.0 (Windows NT 10.0; Win64; x64) AppleWebKit/537.36 (KHTML, like Gecko) Chrome/65.0.3325.181 Safari/537.36" "www.cornerstoneinteriorsusa.com"
46.229.164.101 - - [26/Mar/2018:04:33:51 -0700] "GET /robots.txt HTTP/1.1" 200 70 "-" "Mozilla/5.0 (compatible; SemrushBot/1.2~bl; +http://www.semrush.com/bot.html)" "cornerstoneinteriorsusa.com"
216.244.66.227 - - [26/Mar/2018:04:43:48 -0700] "GET /robots.txt HTTP/1.1" 200 54 "-" "Mozilla/5.0 (compatible; DotBot/1.1; http://www.opensiteexplorer.org/dotbot, help@moz.com)" "cidesignindy.com"
54.36.148.130 - - [26/Mar/2018:04:56:55 -0700] "GET /portfolio/hampton_style HTTP/1.1" 200 7035 "-" "Mozilla/5.0 (compatible; AhrefsBot/5.2; +http://ahrefs.com/robot/)" "www.cornerstoneinteriorsusa.com"
112.222.118.250 - - [26/Mar/2018:05:00:38 -0700] "GET /yahoo_site_admin/assets/images/IMG_8082.323182744_large.JPG HTTP/1.1" 200 242773 "-" "Mozilla/5.0 (Windows NT 6.1; WOW64; Trident/7.0; rv:11.0) like Gecko" "www.cornerstoneinteriorsusa.com"
180.76.15.143 - - [26/Mar/2018:05:00:52 -0700] "GET / HTTP/1.1" 200 5014 "-" "Mozilla/5.0 (compatible; Baiduspider/2.0; +http://www.baidu.com/search/spider.html)" "cornerstoneinteriorsusa.com"
66.249.75.139 - - [26/Mar/2018:05:01:00 -0700] "GET /yahoo_site_admin/assets/images/IMG_7949.323183700_sq_thumb_s.JPG HTTP/1.1" 200 3541 "-" "Googlebot-Image/1.0" "www.cornerstoneinteriorsusa.com"
66.249.75.135 - - [26/Mar/2018:05:01:17 -0700] "GET /yahoo_site_admin/assets/images/IMG_7930.323184143_large.JPG HTTP/1.1" 200 204578 "-" "Googlebot-Image/1.0" "www.cornerstoneinteriorsusa.com"
66.249.75.137 - - [26/Mar/2018:05:01:18 -0700] "GET /yahoo_site_admin/assets/images/IMG_7951.323183444_large.JPG HTTP/1.1" 200 90864 "-" "Googlebot-Image/1.0" "www.cornerstoneinteriorsusa.com"
112.222.118.250 - - [26/Mar/2018:05:01:46 -0700] "GET /yahoo_site_admin/assets/images/IMG_8082.323182744_large.JPG HTTP/1.1" 206 215567 "-" "Mozilla/5.0 (Windows NT 6.1; WOW64; Trident/7.0; rv:11.0) like Gecko" "www.cornerstoneinteriorsusa.com"
134.249.55.53 - - [26/Mar/2018:05:08:31 -0700] "GET / HTTP/1.1" 200 22407 "https://exdocsfiles.com/" "Opera/7.60 (Windows NT 5.2; U)  [en] (IBM EVV/3.0/EAK01AG9/LE)" "www.cornerstoneinteriorsusa.com"
134.249.55.53 - - [26/Mar/2018:05:08:32 -0700] "GET / HTTP/1.1" 200 22407 "https://exdocsfiles.com/" "Opera/7.60 (Windows NT 5.2; U)  [en] (IBM EVV/3.0/EAK01AG9/LE)" "www.cornerstoneinteriorsusa.com"
134.249.55.53 - - [26/Mar/2018:05:08:34 -0700] "GET / HTTP/1.1" 200 22407 "https://exdocsfiles.com/" "Opera/7.60 (Windows NT 5.2; U)  [en] (IBM EVV/3.0/EAK01AG9/LE)" "www.cornerstoneinteriorsusa.com"
54.36.148.46 - - [26/Mar/2018:05:13:12 -0700] "GET /yahoo_site_admin/assets/images/Fascinating-Inspiration-Front-Doors-Design-For-Elegant-House-With-Luxurious-Wooden-Front-Door-With-Big-Wall-Around.10111418_large.jpg HTTP/1.1" 200 254806 "-" "Mozilla/5.0 (compatible; AhrefsBot/5.2; +http://ahrefs.com/robot/)" "www.cornerstoneinteriorsusa.com"
35.196.240.6 - - [26/Mar/2018:05:20:33 -0700] "GET / HTTP/1.1" 200 5014 "-" "Mozilla/5.0 (Windows NT 6.1; rv:20.0) Gecko/20100101 Firefox/20.0" "www.cornerstoneinteriorsusa.com"
35.196.240.6 - - [26/Mar/2018:05:20:36 -0700] "GET / HTTP/1.1" 200 5014 "-" "Mozilla/5.0 (Windows NT 5.1; rv:22.0) Gecko/20100101 Firefox/22.0" "www.cornerstoneinteriorsusa.com"
35.196.240.6 - - [26/Mar/2018:05:20:41 -0700] "GET / HTTP/1.1" 200 5014 "-" "Mozilla/5.0 (Windows NT 5.1; rv:22.0) Gecko/20100101 Firefox/22.0" "www.cornerstoneinteriorsusa.com"
98.220.134.205 - - [26/Mar/2018:05:23:52 -0700] "GET /yahoo_site_admin/assets/images/IMG_7678.194110045_std.JPG HTTP/1.1" 200 130072 "https://www.google.com/" "Mozilla/5.0 (iPhone; CPU iPhone OS 11_2_6 like Mac OS X) AppleWebKit/604.5.6 (KHTML, like Gecko) Version/11.0 Mobile/15D100 Safari/604.1" "www.cornerstoneinteriorsusa.com"
66.102.6.201 - - [26/Mar/2018:05:24:03 -0700] "GET /yahoo_site_admin/assets/images/IMG_7678.194110045_std.JPG HTTP/1.1" 200 130072 "-" "Mozilla/5.0 (Windows NT 5.1; rv:11.0) Gecko Firefox/11.0 (via ggpht.com GoogleImageProxy)" "www.cornerstoneinteriorsusa.com"
98.220.134.205 - - [26/Mar/2018:05:24:16 -0700] "GET /company HTTP/1.1" 200 5242 "-" "Mozilla/5.0 (iPhone; CPU iPhone OS 11_2_6 like Mac OS X) AppleWebKit/604.5.6 (KHTML, like Gecko) Version/11.0 Mobile/15D100 Safari/604.1" "www.cornerstoneinteriorsusa.com"
98.220.134.205 - - [26/Mar/2018:05:24:17 -0700] "GET /yahoo_site_admin/assets/images/IMG_7678.194110045_std.JPG HTTP/1.1" 200 130072 "http://www.cornerstoneinteriorsusa.com/company" "Mozilla/5.0 (iPhone; CPU iPhone OS 11_2_6 like Mac OS X) AppleWebKit/604.5.6 (KHTML, like Gecko) Version/11.0 Mobile/15D100 Safari/604.1" "www.cornerstoneinteriorsusa.com"
98.220.134.205 - - [26/Mar/2018:05:24:17 -0700] "GET /yahoo_site_admin/assets/images/logo.17281119_logo.JPG HTTP/1.1" 200 6674 "http://www.cornerstoneinteriorsusa.com/company" "Mozilla/5.0 (iPhone; CPU iPhone OS 11_2_6 like Mac OS X) AppleWebKit/604.5.6 (KHTML, like Gecko) Version/11.0 Mobile/15D100 Safari/604.1" "cornerstoneinteriorsusa.com"
98.220.134.205 - - [26/Mar/2018:05:24:46 -0700] "GET / HTTP/1.1" 200 5014 "https://www.google.com/" "Mozilla/5.0 (iPhone; CPU iPhone OS 11_2_6 like Mac OS X) AppleWebKit/604.5.6 (KHTML, like Gecko) Version/11.0 Mobile/15D100 Safari/604.1" "www.cornerstoneinteriorsusa.com"
98.220.134.205 - - [26/Mar/2018:05:24:47 -0700] "GET /yahoo_site_admin/assets/images/kitchen.180155827_std.JPG HTTP/1.1" 200 68590 "http://www.cornerstoneinteriorsusa.com/" "Mozilla/5.0 (iPhone; CPU iPhone OS 11_2_6 like Mac OS X) AppleWebKit/604.5.6 (KHTML, like Gecko) Version/11.0 Mobile/15D100 Safari/604.1" "www.cornerstoneinteriorsusa.com"
98.220.134.205 - - [26/Mar/2018:05:24:47 -0700] "GET /yahoo_site_admin/assets/images/profile_pic_3.176133006_std.jpg HTTP/1.1" 200 16813 "http://www.cornerstoneinteriorsusa.com/" "Mozilla/5.0 (iPhone; CPU iPhone OS 11_2_6 like Mac OS X) AppleWebKit/604.5.6 (KHTML, like Gecko) Version/11.0 Mobile/15D100 Safari/604.1" "www.cornerstoneinteriorsusa.com"
98.220.134.205 - - [26/Mar/2018:05:24:47 -0700] "GET /yahoo_site_admin/assets/images/hampton.17284119_std.jpg HTTP/1.1" 200 52557 "http://www.cornerstoneinteriorsusa.com/" "Mozilla/5.0 (iPhone; CPU iPhone OS 11_2_6 like Mac OS X) AppleWebKit/604.5.6 (KHTML, like Gecko) Version/11.0 Mobile/15D100 Safari/604.1" "www.cornerstoneinteriorsusa.com"
46.229.164.102 - - [26/Mar/2018:05:33:49 -0700] "GET /robots.txt HTTP/1.1" 200 70 "-" "Mozilla/5.0 (compatible; SemrushBot/1.2~bl; +http://www.semrush.com/bot.html)" "www.cornerstoneinteriorsusa.com"
134.249.55.53 - - [26/Mar/2018:05:36:19 -0700] "GET / HTTP/1.1" 200 22407 "https://allergick.com/" "Mozilla/5.0 (Windows NT 5.1; U; en) Opera 8.01" "www.cornerstoneinteriorsusa.com"
46.118.113.100 - - [26/Mar/2018:05:47:22 -0700] "GET / HTTP/1.1" 200 22407 "http://komp-pomosch.ru/" "Mozilla/4.0 (compatible; MSIE 6.0; Windows NT 5.1; SV1)" "www.cornerstoneinteriorsusa.com"
46.118.113.100 - - [26/Mar/2018:05:47:25 -0700] "GET / HTTP/1.1" 200 22407 "http://komp-pomosch.ru/" "Mozilla/4.0 (compatible; MSIE 6.0; Windows NT 5.1; SV1)" "www.cornerstoneinteriorsusa.com"
216.244.66.227 - - [26/Mar/2018:05:54:47 -0700] "GET /robots.txt HTTP/1.1" 200 54 "-" "Mozilla/5.0 (compatible; DotBot/1.1; http://www.opensiteexplorer.org/dotbot, help@moz.com)" "cidesignindy.com"
66.249.75.137 - - [26/Mar/2018:06:04:03 -0700] "GET /yahoo_site_admin/assets/images/IMG_8140.323185635_sq_thumb_s.JPG HTTP/1.1" 200 4154 "-" "Googlebot-Image/1.0" "www.cornerstoneinteriorsusa.com"
66.249.75.139 - - [26/Mar/2018:06:04:08 -0700] "GET /yahoo_site_admin/assets/images/IMG_7928.323184425_sq_thumb_s.JPG HTTP/1.1" 200 4298 "-" "Googlebot-Image/1.0" "www.cornerstoneinteriorsusa.com"
66.249.75.135 - - [26/Mar/2018:06:04:15 -0700] "GET /yahoo_site_admin/assets/images/IMG_7949.323183700_large.JPG HTTP/1.1" 200 211591 "-" "Googlebot-Image/1.0" "www.cornerstoneinteriorsusa.com"
89.229.150.134 - - [26/Mar/2018:06:07:08 -0700] "GET /yahoo_site_admin/assets/images/IMG_7991.323182508_large.JPG HTTP/1.1" 200 115772 "https://www.google.pl/" "Mozilla/5.0 (Macintosh; Intel Mac OS X 10_13_3) AppleWebKit/604.5.6 (KHTML, like Gecko) Version/11.0.3 Safari/604.5.6" "www.cornerstoneinteriorsusa.com"
180.76.15.147 - - [26/Mar/2018:06:07:44 -0700] "GET / HTTP/1.1" 200 5014 "-" "Mozilla/5.0 (compatible; Baiduspider/2.0; +http://www.baidu.com/search/spider.html)" "www.cidesignindy.com"
40.77.167.66 - - [26/Mar/2018:06:12:11 -0700] "GET /portfolio/modern HTTP/1.1" 200 5746 "-" "Mozilla/5.0 (iPhone; CPU iPhone OS 7_0 like Mac OS X) AppleWebKit/537.51.1 (KHTML, like Gecko) Version/7.0 Mobile/11A465 Safari/9537.53 (compatible; bingbot/2.0; +http://www.bing.com/bingbot.htm)" "cornerstoneinteriorsusa.com"
157.55.39.241 - - [26/Mar/2018:06:12:21 -0700] "GET /robots.txt HTTP/1.1" 200 70 "-" "Mozilla/5.0 (compatible; bingbot/2.0; +http://www.bing.com/bingbot.htm)" "cornerstoneinteriorsusa.com"
40.77.167.66 - - [26/Mar/2018:06:14:02 -0700] "GET /portfolio/transitional HTTP/1.1" 200 6294 "-" "Mozilla/5.0 (compatible; bingbot/2.0; +http://www.bing.com/bingbot.htm)" "cornerstoneinteriorsusa.com"
74.143.213.90 - - [26/Mar/2018:06:27:59 -0700] "GET / HTTP/1.1" 200 5014 "https://www.superpages.com/bp/eleanor-wv/cornerstone-interiors-L0512761839.htm" "Mozilla/5.0 (Windows NT 10.0; Win64; x64) AppleWebKit/537.36 (KHTML, like Gecko) Chrome/51.0.2704.79 Safari/537.36 Edge/14.14393" "cornerstoneinteriorsusa.com"
74.143.213.90 - - [26/Mar/2018:06:27:59 -0700] "GET /yahoo_site_admin/assets/images/logo.17281119_logo.JPG HTTP/1.1" 200 6674 "http://cornerstoneinteriorsusa.com/" "Mozilla/5.0 (Windows NT 10.0; Win64; x64) AppleWebKit/537.36 (KHTML, like Gecko) Chrome/51.0.2704.79 Safari/537.36 Edge/14.14393" "cornerstoneinteriorsusa.com"
74.143.213.90 - - [26/Mar/2018:06:27:59 -0700] "GET /yahoo_site_admin/assets/images/profile_pic_3.176133006_std.jpg HTTP/1.1" 200 16813 "http://cornerstoneinteriorsusa.com/" "Mozilla/5.0 (Windows NT 10.0; Win64; x64) AppleWebKit/537.36 (KHTML, like Gecko) Chrome/51.0.2704.79 Safari/537.36 Edge/14.14393" "cornerstoneinteriorsusa.com"
74.143.213.90 - - [26/Mar/2018:06:27:59 -0700] "GET /yahoo_site_admin/assets/images/kitchen.180155827_std.JPG HTTP/1.1" 200 68590 "http://cornerstoneinteriorsusa.com/" "Mozilla/5.0 (Windows NT 10.0; Win64; x64) AppleWebKit/537.36 (KHTML, like Gecko) Chrome/51.0.2704.79 Safari/537.36 Edge/14.14393" "cornerstoneinteriorsusa.com"
74.143.213.90 - - [26/Mar/2018:06:27:59 -0700] "GET /yahoo_site_admin/assets/images/hampton.17284119_std.jpg HTTP/1.1" 200 52557 "http://cornerstoneinteriorsusa.com/" "Mozilla/5.0 (Windows NT 10.0; Win64; x64) AppleWebKit/537.36 (KHTML, like Gecko) Chrome/51.0.2704.79 Safari/537.36 Edge/14.14393" "cornerstoneinteriorsusa.com"
74.143.213.90 - - [26/Mar/2018:06:28:26 -0700] "GET /portfolio HTTP/1.1" 200 4391 "http://cornerstoneinteriorsusa.com/" "Mozilla/5.0 (Windows NT 10.0; Win64; x64) AppleWebKit/537.36 (KHTML, like Gecko) Chrome/51.0.2704.79 Safari/537.36 Edge/14.14393" "cornerstoneinteriorsusa.com"
74.143.213.90 - - [26/Mar/2018:06:28:26 -0700] "GET /yahoo_site_admin/assets/images/Old_World.194112052_std.jpg HTTP/1.1" 200 481183 "http://cornerstoneinteriorsusa.com/portfolio" "Mozilla/5.0 (Windows NT 10.0; Win64; x64) AppleWebKit/537.36 (KHTML, like Gecko) Chrome/51.0.2704.79 Safari/537.36 Edge/14.14393" "cornerstoneinteriorsusa.com"
74.143.213.90 - - [26/Mar/2018:06:28:26 -0700] "GET /yahoo_site_admin/assets/images/Hampton.69210949_std.jpg HTTP/1.1" 200 532164 "http://cornerstoneinteriorsusa.com/portfolio" "Mozilla/5.0 (Windows NT 10.0; Win64; x64) AppleWebKit/537.36 (KHTML, like Gecko) Chrome/51.0.2704.79 Safari/537.36 Edge/14.14393" "cornerstoneinteriorsusa.com"
74.143.213.90 - - [26/Mar/2018:06:28:26 -0700] "GET /yahoo_site_admin/assets/images/Transitional.194122200_std.jpg HTTP/1.1" 200 561024 "http://cornerstoneinteriorsusa.com/portfolio" "Mozilla/5.0 (Windows NT 10.0; Win64; x64) AppleWebKit/537.36 (KHTML, like Gecko) Chrome/51.0.2704.79 Safari/537.36 Edge/14.14393" "cornerstoneinteriorsusa.com"
74.143.213.90 - - [26/Mar/2018:06:28:26 -0700] "GET /yahoo_site_admin/assets/images/Traditional.194110902_std.jpg HTTP/1.1" 200 652513 "http://cornerstoneinteriorsusa.com/portfolio" "Mozilla/5.0 (Windows NT 10.0; Win64; x64) AppleWebKit/537.36 (KHTML, like Gecko) Chrome/51.0.2704.79 Safari/537.36 Edge/14.14393" "cornerstoneinteriorsusa.com"
74.143.213.90 - - [26/Mar/2018:06:28:26 -0700] "GET /yahoo_site_admin/assets/images/Old_World.69211137_std.jpg HTTP/1.1" 200 640937 "http://cornerstoneinteriorsusa.com/portfolio" "Mozilla/5.0 (Windows NT 10.0; Win64; x64) AppleWebKit/537.36 (KHTML, like Gecko) Chrome/51.0.2704.79 Safari/537.36 Edge/14.14393" "cornerstoneinteriorsusa.com"
74.143.213.90 - - [26/Mar/2018:06:28:32 -0700] "GET /contact HTTP/1.1" 200 8511 "http://cornerstoneinteriorsusa.com/portfolio" "Mozilla/5.0 (Windows NT 10.0; Win64; x64) AppleWebKit/537.36 (KHTML, like Gecko) Chrome/51.0.2704.79 Safari/537.36 Edge/14.14393" "cornerstoneinteriorsusa.com"
74.143.213.90 - - [26/Mar/2018:06:28:34 -0700] "GET /_ySmbWs/tracking/admin/map?width=330&height=260&address=1644%20Fry%20Rd%2C%20%2C%20Greenwood%2C%20IN%2C%2046142&version=1 HTTP/1.1" 200 812 "http://cornerstoneinteriorsusa.com/contact" "Mozilla/5.0 (Windows NT 10.0; Win64; x64) AppleWebKit/537.36 (KHTML, like Gecko) Chrome/51.0.2704.79 Safari/537.36 Edge/14.14393" "cornerstoneinteriorsusa.com"
150.70.188.168 - - [26/Mar/2018:06:29:17 -0700] "GET / HTTP/1.1" 200 22407 "-" "Mozilla/4.0 (compatible; MSIE 8.0; Windows NT 5.1; Trident/4.0)" "cornerstoneinteriorsusa.com"
66.249.75.135 - - [26/Mar/2018:06:50:47 -0700] "GET /yahoo_site_admin/assets/images/IMG_8054.323185133_sq_thumb_s.JPG HTTP/1.1" 200 2185 "-" "Googlebot-Image/1.0" "www.cornerstoneinteriorsusa.com"
66.249.75.137 - - [26/Mar/2018:06:50:48 -0700] "GET /yahoo_site_admin/assets/images/IMG_8050.323185009_sq_thumb_s.JPG HTTP/1.1" 200 3031 "-" "Googlebot-Image/1.0" "www.cornerstoneinteriorsusa.com"
66.249.75.139 - - [26/Mar/2018:06:50:49 -0700] "GET /yahoo_site_admin/assets/images/IMG_8117.323185959_sq_thumb_s.JPG HTTP/1.1" 200 3502 "-" "Googlebot-Image/1.0" "www.cornerstoneinteriorsusa.com"
66.249.75.139 - - [26/Mar/2018:06:50:50 -0700] "GET /yahoo_site_admin/assets/images/photo.323184903_sq_thumb_s.JPG HTTP/1.1" 200 2712 "-" "Googlebot-Image/1.0" "www.cornerstoneinteriorsusa.com"
66.249.75.137 - - [26/Mar/2018:06:50:51 -0700] "GET /yahoo_site_admin/assets/images/IMG_8021.323182653_sq_thumb_s.JPG HTTP/1.1" 200 3140 "-" "Googlebot-Image/1.0" "www.cornerstoneinteriorsusa.com"
40.77.167.86 - - [26/Mar/2018:06:51:29 -0700] "GET /golden_apple_custom_furniture HTTP/1.1" 200 5077 "-" "Mozilla/5.0 (compatible; bingbot/2.0; +http://www.bing.com/bingbot.htm)" "cornerstoneinteriorsusa.com"
176.71.3.151 - - [26/Mar/2018:06:55:35 -0700] "GET /yahoo_site_admin/assets/images/IMG_7991.323182508_large.JPG HTTP/1.1" 200 115772 "http://lindavaughan.us/hamptons-decorating-style.html" "Mozilla/5.0 (Windows NT 10.0; Win64; x64) AppleWebKit/537.36 (KHTML, like Gecko) Chrome/64.0.3282.186 Safari/537.36" "www.cornerstoneinteriorsusa.com"
216.244.66.227 - - [26/Mar/2018:07:14:51 -0700] "GET /robots.txt HTTP/1.1" 200 54 "-" "Mozilla/5.0 (compatible; DotBot/1.1; http://www.opensiteexplorer.org/dotbot, help@moz.com)" "cidesignindy.com"
73.168.99.220 - - [26/Mar/2018:07:19:19 -0700] "GET / HTTP/1.1" 200 5014 "-" "Mozilla/5.0 (Macintosh; Intel Mac OS X 10_11_6) AppleWebKit/604.5.6 (KHTML, like Gecko) Version/11.0.3 Safari/604.5.6" "www.cornerstoneinteriorsusa.com"
73.168.99.220 - - [26/Mar/2018:07:19:19 -0700] "GET /yahoo_site_admin/assets/images/kitchen.180155827_std.JPG HTTP/1.1" 200 68590 "http://www.cornerstoneinteriorsusa.com/" "Mozilla/5.0 (Macintosh; Intel Mac OS X 10_11_6) AppleWebKit/604.5.6 (KHTML, like Gecko) Version/11.0.3 Safari/604.5.6" "www.cornerstoneinteriorsusa.com"
73.168.99.220 - - [26/Mar/2018:07:19:19 -0700] "GET /yahoo_site_admin/assets/images/hampton.17284119_std.jpg HTTP/1.1" 200 52557 "http://www.cornerstoneinteriorsusa.com/" "Mozilla/5.0 (Macintosh; Intel Mac OS X 10_11_6) AppleWebKit/604.5.6 (KHTML, like Gecko) Version/11.0.3 Safari/604.5.6" "www.cornerstoneinteriorsusa.com"
73.168.99.220 - - [26/Mar/2018:07:19:19 -0700] "GET /yahoo_site_admin/assets/images/profile_pic_3.176133006_std.jpg HTTP/1.1" 200 16813 "http://www.cornerstoneinteriorsusa.com/" "Mozilla/5.0 (Macintosh; Intel Mac OS X 10_11_6) AppleWebKit/604.5.6 (KHTML, like Gecko) Version/11.0.3 Safari/604.5.6" "www.cornerstoneinteriorsusa.com"
172.198.232.71 - - [26/Mar/2018:07:25:18 -0700] "GET /yahoo_site_admin/assets/images/IMG_7991.323182508_large.JPG HTTP/1.1" 200 115772 "https://www.bing.com/" "Mozilla/5.0 (Windows NT 10.0; Win64; x64) AppleWebKit/537.36 (KHTML, like Gecko) Chrome/52.0.2743.116 Safari/537.36 Edge/15.15063" "cornerstoneinteriorsusa.com"
178.159.37.55 - - [26/Mar/2018:07:36:06 -0700] "GET / HTTP/1.1" 200 22407 "http://metallo-konstruktsii.ru/" "Mozilla/4.0 (compatible; MSIE 6.0; Windows NT 5.1; SV1; .NET CLR 1.1.4322)" "www.cornerstoneinteriorsusa.com"
178.159.37.55 - - [26/Mar/2018:07:36:07 -0700] "GET / HTTP/1.1" 200 22407 "http://metallo-konstruktsii.ru/" "Mozilla/4.0 (compatible; MSIE 6.0; Windows NT 5.1; SV1; .NET CLR 1.1.4322)" "www.cornerstoneinteriorsusa.com"
178.159.37.55 - - [26/Mar/2018:07:36:08 -0700] "GET / HTTP/1.1" 200 22407 "http://metallo-konstruktsii.ru/" "Mozilla/4.0 (compatible; MSIE 6.0; Windows NT 5.1; SV1; .NET CLR 1.1.4322)" "www.cornerstoneinteriorsusa.com"
72.47.188.221 - - [26/Mar/2018:07:45:35 -0700] "GET / HTTP/1.1" 200 5014 "https://www.google.com/" "Mozilla/5.0 (Macintosh; Intel Mac OS X 10_12_6) AppleWebKit/603.3.8 (KHTML, like Gecko) Version/10.1.2 Safari/603.3.8" "www.cornerstoneinteriorsusa.com"
72.47.188.221 - - [26/Mar/2018:07:45:35 -0700] "GET /yahoo_site_admin/assets/images/kitchen.180155827_std.JPG HTTP/1.1" 200 68590 "http://www.cornerstoneinteriorsusa.com/" "Mozilla/5.0 (Macintosh; Intel Mac OS X 10_12_6) AppleWebKit/603.3.8 (KHTML, like Gecko) Version/10.1.2 Safari/603.3.8" "www.cornerstoneinteriorsusa.com"
72.47.188.221 - - [26/Mar/2018:07:46:29 -0700] "GET /company HTTP/1.1" 200 5450 "http://www.cornerstoneinteriorsusa.com/" "Mozilla/5.0 (Macintosh; Intel Mac OS X 10_12_6) AppleWebKit/603.3.8 (KHTML, like Gecko) Version/10.1.2 Safari/603.3.8" "www.cornerstoneinteriorsusa.com"
72.47.188.221 - - [26/Mar/2018:07:46:29 -0700] "GET /yahoo_site_admin/assets/images/IMG_7678.194110045_std.JPG HTTP/1.1" 200 130072 "http://www.cornerstoneinteriorsusa.com/company" "Mozilla/5.0 (Macintosh; Intel Mac OS X 10_12_6) AppleWebKit/603.3.8 (KHTML, like Gecko) Version/10.1.2 Safari/603.3.8" "www.cornerstoneinteriorsusa.com"
72.47.188.221 - - [26/Mar/2018:07:53:52 -0700] "GET /golden_apple_custom_furniture HTTP/1.1" 200 5077 "http://www.cornerstoneinteriorsusa.com/company" "Mozilla/5.0 (Macintosh; Intel Mac OS X 10_12_6) AppleWebKit/603.3.8 (KHTML, like Gecko) Version/10.1.2 Safari/603.3.8" "www.cornerstoneinteriorsusa.com"
72.47.188.221 - - [26/Mar/2018:07:53:52 -0700] "GET /yahoo_site_admin/assets/images/console.293135005_sq_thumb_s.JPG HTTP/1.1" 200 3212 "http://www.cornerstoneinteriorsusa.com/golden_apple_custom_furniture" "Mozilla/5.0 (Macintosh; Intel Mac OS X 10_12_6) AppleWebKit/603.3.8 (KHTML, like Gecko) Version/10.1.2 Safari/603.3.8" "www.cornerstoneinteriorsusa.com"
72.47.188.221 - - [26/Mar/2018:07:53:52 -0700] "GET /yahoo_site_admin/assets/images/vanity_2.293135937_sq_thumb_s.JPG HTTP/1.1" 200 3504 "http://www.cornerstoneinteriorsusa.com/golden_apple_custom_furniture" "Mozilla/5.0 (Macintosh; Intel Mac OS X 10_12_6) AppleWebKit/603.3.8 (KHTML, like Gecko) Version/10.1.2 Safari/603.3.8" "www.cornerstoneinteriorsusa.com"
72.47.188.221 - - [26/Mar/2018:07:53:52 -0700] "GET /yahoo_site_admin/assets/images/knobs.293140801_sq_thumb_s.JPG HTTP/1.1" 200 2773 "http://www.cornerstoneinteriorsusa.com/golden_apple_custom_furniture" "Mozilla/5.0 (Macintosh; Intel Mac OS X 10_12_6) AppleWebKit/603.3.8 (KHTML, like Gecko) Version/10.1.2 Safari/603.3.8" "www.cornerstoneinteriorsusa.com"
72.47.188.221 - - [26/Mar/2018:07:53:52 -0700] "GET /yahoo_site_admin/assets/images/painting.293140651_sq_thumb_s.JPG HTTP/1.1" 200 3371 "http://www.cornerstoneinteriorsusa.com/golden_apple_custom_furniture" "Mozilla/5.0 (Macintosh; Intel Mac OS X 10_12_6) AppleWebKit/603.3.8 (KHTML, like Gecko) Version/10.1.2 Safari/603.3.8" "www.cornerstoneinteriorsusa.com"
